2 + 9*j. Let q(c) be the second derivative of -c**5/20 + c**4/12 + c**3/6 - c**2/2 - 37*c. Let o(v) = g(v) - 3*q(v). Calculate o(-6).
3
Suppose -5*u = 3*s - 19, -2*u - 3*u = -5*s + 5. Suppose 0 = -5*p - u - 13. Let h(m) = -m**3 - 6*m**2 - 2*m + 2. What is h(p)?
-19
Let a(q) be the second derivative of -q**8/6720 - q**7/504 + q**6/120 + 4*q**4/3 - 30*q. Let o(h) be the third derivative of a(h). Determine o(-6).
0
Let u(i) = 10*i. Let b = -36 - -37. Let z be b/(2 - (4 - 3)). Determine u(z).
10
Let v(h) = -h - 4. Let i(m) = m**3 - 6*m**2 + 32*m - 66. Let z be i(3). Give v(z).
-7
Let x(p) = -p**2 + 5*p + 3. Let l(y) = 13*y - 34. Let t be l(3). Determine x(t).
3
Let d(q) be the second derivative of -4*q**3/3 + 9*q**2/2 + q. Let p(o) = -7*o + 8. Let m(x) = 6*d(x) - 7*p(x). What is m(-4)?
-6
Let q(a) = -a**3 - 5*a**2 + 5*a + 4. Let i = 26 + -26. Let y = -7 + i. Let s be (36/(-42))/((-1)/y). Give q(s).
10
Let m be (-50)/(-18) + (-8)/288*-8. Let q(y) be the second derivative of -1/3*y**m - 5/2*y**2 + y + 0. Calculate q(-5).
5
Suppose -10 = 7*i - 3. Let u(x) = x**2 - 2*x - 1. What is u(i)?
2
Let b(s) = 2*s - 7. Let i(j) = -3*j**2 + 11*j + 7. Let o be i(5). Let m = o + 34. Suppose -5*c + m = 4*t - 3*t, -12 = 3*t. Give b(c).
3
Let v(t) = t**2 + 5*t - 2. Suppose u + 11 = 18. Let m be (-2 + 8)/(6 - u). Let g = m - 0. Determine v(g).
4
Let a = -11 - -18. Let k(n) = -3*n + n**2 - 3*n + a - 3. Give k(5).
-1
Suppose 6 = 3*u - 6. Let n(c) be the first derivative of -c**3/3 + c**2 + 170. Determine n(u).
-8
Let l(h) = 5*h**2 + 23*h - 23. Let p(m) be the first derivative of -m**3 - 6*m**2 + 12*m + 5. Let n(s) = -4*l(s) - 7*p(s). Determine n(6).
-4
Let z(m) = -8*m**2 + 1. Let l = -16 + 27. Suppose -8*o + 4*y - 3 = -3*o, -o = 5*y - l. Calculate z(o).
-7
Let r(p) = -p**3 - 7*p**2 - 2*p - 10. Let c be r(-7). Let v be 24/14 - c/(-14). Let j(y) = 16 - 3*y**2 - 15 - 3*y**2 + y + 5*y**v - y**3. Determine j(0).
1
Let a = -1 + 5. Let n(i) = -3*i + i**3 - 2 + 9 + a*i. Suppose 2*c + 20*c = 0. Determine n(c).
7
Let p(s) = -s**3 - 10*s**2 + 9*s - 25. Suppose -5*c + 55 - 110 = 0. Let i be p(c). Let u(z) = -4*z - 4. Give u(i).
8
Let z be (-15)/(-3)*3 + 1. Suppose -5*m - 21 + z = 0. Let h(v) = -2*v**3 + 2*v**2 - 1. What is h(m)?
3
Let q(r) be the second derivative of -1/20*r**5 + 0 + 5/2*r**2 - 2/3*r**4 + 19*r - r**3. Calculate q(-7).
-2
Let w = 33 + -32. Let m(i) = -6*i**3 - 3*i**2 + 5*i + 4. Let x(h) = 5*h**3 + 2*h**2 - 4*h - 3. Let r(z) = -4*m(z) - 5*x(z). Give r(w).
0
Let s = 2766 + -2773. Let g(a) be the third derivative of -a**5/60 - a**4/4 - a**3/6 - a**2. What is g(s)?
-8
Let y(w) = w + 2. Let l be y(6). Let x be 1/(-4) + 4 + (-54)/l. Let f(i) = i**3 + 4*i**2 + i - 2. Give f(x).
4
Let v(s) = 2 + 511*s - 1028*s + 524*s. Let b = 2 + -5. Give v(b).
-19
Let n = 3 + -8. Let y be ((-2)/8)/(n/60). Let k(r) = 6 + 4*r - y - 5*r. Calculate k(0).
3
Suppose 0 = 5*i + i - 18. Let s(k) = -i*k**3 + 3*k + 2 + 2*k**3 - 2*k - 2*k**2. Let y = -1 + 3. Calculate s(y).
-12
Let y(q) = -5*q**2 - 35*q - 7. Let z be y(-7). Let x(j) = 2*j + 13. Give x(z).
-1
Let m(y) = -2*y - 7. Let u be m(-5). Let z(g) = g - g**2 - g**3 + 7*g**3 + g**3 + g**u. Determine z(1).
8
Let j(f) = -f**2 + 8*f - 3. Let w = 11 + -14. Let c be -1 - w - 17*-2. Let g = c + -33. Determine j(g).
12
Let i(d) be the third derivative of -d**5/60 + d**4/6 + d**3/6 + 2*d**2 + 26*d. What is i(5)?
-4
Let x(l) be the first derivative of -l**3/3 - 9*l**2/2 - 12*l - 367. Calculate x(-8).
-4
Let n(k) be the first derivative of k**4/12 + k**3/6 - 19*k**2/2 + 1. Let d(i) be the second derivative of n(i). What is d(1)?
3
Let d(u) = u**3 - 5*u**2 + 3. Let j be 33/9 + 8/(-12). Suppose 4*i - j*s + 1 = 11, -4*s + 28 = 5*i. Give d(i).
-13
Suppose 91 = 3*p + 247. Let b = -61 - p. Let u(g) = g**2 + 8*g - 7. Give u(b).
2
Let w = 569 - 568. Let a(p) = -2*p - 5. Let b be a(-4). Let q(g) = w + 5*g**2 - g**2 + 2*g - 2 - b*g**2. Give q(-2).
-1
Let y(l) = 3*l + 4. Suppose -9*n = -3*n. Suppose -p + 10*m - 5*m + 4 = 0, n = 4*p + 4*m + 32. Determine y(p).
-14
Let r(f) = -f + 1. Suppose 3*u = 6*u + 30. Let k(g) = -g - 2. Let t be k(u). Let p be (4/t)/((-4)/(-48)). Calculate r(p).
-5
Suppose 122*x = 140*x + 18. Let z(j) be the third derivative of 11*j**5/60 + j**4/12 + j**3/6 + j**2. Determine z(x).
10
Let n(b) be the third derivative of b**6/120 + b**5/12 - b**4/6 - 2*b**3/3 - 50*b**2. Give n(-5).
16
Let z(k) be the second derivative of 1/24*k**4 + 0*k**2 - 1/120*k**5 + 0 + 2/3*k**3 - 9*k. Let j(l) be the second derivative of z(l). What is j(0)?
1
Let b(u) = -3*u - 20. Let p be b(-8). Suppose t = 4*t - 3, 4*t = -p*v. Let x(n) = 15*n**3 - 2*n**2 + 1. Calculate x(v).
-16
Let j(t) be the first derivative of t**4/4 - t**3/3 - t**2/2 - 5*t + 98. Determine j(0).
-5
Let y(c) = -3*c**2 + 18*c + 14. Let u(m) = m**2 - 9*m - 7. Let g(t) = 5*u(t) + 2*y(t). Let j = -26 + 17. Give g(j).
-7
Let x(y) be the third derivative of 21*y**2 + 1/4*y**4 + 0 + 0*y - 1/6*y**3. Calculate x(1).
5
Let n(s) = s**3 + 9*s**2 - 9*s + 9. Let m = 634 + -644. What is n(m)?
-1
Suppose 2*g - 7*g - 2*b = 39, -2*g - 4 = -5*b. Let d(v) = 7*v + 6. Let n(x) = 8*x + 6. Let u(i) = 6*d(i) - 5*n(i). Calculate u(g).
-8
Let r = -5 + -8. Let k = r - -13. Let j be -1 + k + 4 + 0. Let d(g) = -4*g - 3. Give d(j).
-15
Suppose -8*b + 12*b = 24. Let m(j) = -2*j - 7. What is m(b)?
-19
Let z(p) = -4 + 2*p + 2*p**2 - 4*p - p + 3*p - 6*p. What is z(-4)?
52
Let u(r) = 3 - 83*r**2 - 4*r + 85*r**2 + 0*r. Give u(3).
9
Let i(y) = -5*y + 4. Let v(k) = k. Let c(f) = i(f) + 6*v(f). Suppose 0*s + 2*s = s. Give c(s).
4
Suppose 4*r + 116 = -4*n, -5 = -15*r + 10*r. Let a(g) = -2*g - 68. What is a(n)?
-8
Let c(d) = 2*d. Let i = -95 + 98. Give c(i).
6
Let h(t) = 0*t + 0 + t**2 + t + 2*t**2 + 1. Let s = 11 + 1. Let f = 11 - s. Give h(f).
3
Let r(t) be the third derivative of 26*t**2 + 0 - 1/24*t**4 + 0*t + 0*t**3. Determine r(-3).
3
Let i(v) be the first derivative of v**2/2 + 17*v - 22. Calculate i(-13).
4
Let d = -7 + 8. Let m(t) = -6*t - 94*t**3 - d - 7*t**2 - 2 + 93*t**3 - t**2. Determine m(-7).
-10
Let q = -9 + 3. Let z(r) = 3*r + 12. Let g(u) = u + 4. Let d(b) = 17*g(b) - 6*z(b). Calculate d(q).
2
Let t(d) = -2*d - 241 + 240 - 3*d. Determine t(1).
-6
Let v(s) = 3*s**3 - 4*s**2 + 3*s - 2. Suppose 20 = -41*i + 102. Determine v(i).
12
Suppose -31*j = -32*j + 4. Let w(g) = -g - 4. Determine w(j).
-8
Let z(j) = j. Let i be 10*(-1)/(-4)*2. Let o(t) = -8*t - 5. Let g(h) = -2*h - 1. Let b(a) = -2*g(a) + o(a). Let c(q) = i*z(q) + b(q). Calculate c(0).
-3
Let w(z) = z - 6. Let x be -5 + (-6)/9*-3. Let y(r) = -r**2 + 2*r - 17. Let c(f) = x*y(f) + 8*w(f). Calculate c(-2).
11
Let n(g) be the first derivative of g**3/3 + 3*g**2/2 - 5*g + 127. What is n(-4)?
-1
Let q(u) = 102*u**3 + 0*u**2 + 106*u**3 + 7*u**2 - 8 + 9*u - 209*u**3. Give q(8).
0
Let w(k) be the second derivative of 0*k**2 - 2/3*k**3 + 22 - 5/12*k**4 - 1/20*k**5 + 2*k. Calculate w(-3).
-6
Suppose 0 = 2*a - 4*t + 10, -4*a + 3*t - 18 = -a. Let l(w) = -w**2 - 10*w - 9. Determine l(a).
12
Let b(a) = a**2 + 3*a + 2. Let m be 69/12 + 3/(-4). Suppose 2*z - 75 = -3*z. Suppose -n - 5*t - 2 = 1, 0 = m*n + 5*t + z. Determine b(n).
2
Let g = -18 - -74. Suppose 4*n + g = 5*x - x, 8 = x + 2*n. Let o = -14 + x. Let w(d) = d + 2. Give w(o).
0
Let v(n) = n - 1. Suppose 4*d + 84 = -l, -3*d - 63 = 3*l - 2*l. Let y be ((-4)/3)/(7/d). Determine v(y).
3
Let z(g) be the second derivative of -g**3/6 + 7*g**2 - g. Let f be z(11). Suppose 0 = -f*m, -v + 4 = -5*m - 2. Let u(c) = -c**2 + 5*c + 1. Determine u(v).
-5
Let q(m) be the third derivative of -m**6/120 + m**5/20 - m**4/6 - m**3/6 + m**2 + 85. What is q(3)?
-13
Let s = 266 + -273. Let b(v) = v**3 + 8*v**2 + 7*v + 5. Determine b(s).
5
Let g(x) = -3*x**2 + 12*x - 16. Let j(l) = 5*l**2 - 22*l + 31. Let k(i) = 7*g(i) + 4*j(i). What is k(-7)?
-9
Let y(w) = 4*w**3 + 4*w**2 - 2*w - 1. Let a(d) = d**3 - d. Let v(s) = 3*a(s) - y(s). Determine v(-2).
-5
Let x(o) = 12*o**3 + 6*o**2 - o. Let v(i) = i**3 + i**2. Let f(h) = 6*v(h) - x(h). Let k = -17 - 0. Let t = 18 + k. What is f(t)?
-5
Let c(s) = 5 + 15*s - s**2 - 7*s - 5*s. Suppose 0 = -4*b + 5*t + 45, 5*b - b + 5*t + 5 = 0. Calculate c(b).
-5
Let d(i) = i**3 + 6*i**2 + 4*i + 4. Suppose -5*o - 50 = 5*z, -5*o